Let i = -79 - -118. Calculate the greatest common divisor of i and j.
13
Let l be -2 + 4/2*3. Suppose -n + l*a - 36 = 0, 2*a = -0*a - 4. Let i = n + 74. Calculate the greatest common divisor of 6 and i.
6
Suppose -4*q + 3*f = -7, 2*q - 2*f = -q + 4. Let m be (-20)/(7 + q) - -21. What is the greatest common divisor of 136 and m?
17
Let d = 65 - 55. Let q(b) = 6*b**2 + b + 3. Let i be q(3). What is the greatest common factor of d and i?
10
Let i(y) = 5*y**2 - 2*y - 3. Let x be i(2). What is the greatest common factor of 689 and x?
13
Let u = 26 + -15. Let y(i) = -i**3 + 2*i**2 + 26*i - 8. Let h be y(6). Let d be 5334/54 - h/(-18). What is the highest common divisor of u and d?
11
Let a(u) = 53*u - 19. Let t be a(1). What is the greatest common factor of t and 4624?
34
Let u(m) = -20*m + 122. Let d be u(5). Suppose 0*a = a - 66. Calculate the greatest common divisor of a and d.
22
Let i be ((-33)/(-4))/((-162)/(-1512)). What is the greatest common factor of i and 143?
11
Let w be 242/110 - 10164/(-30). Calculate the highest common divisor of 22 and w.
11
Let h be (-6 - (-13 - -6))/(2/18). Calculate the greatest common factor of 147 and h.
3
Suppose -7*c = -404 + 82. Calculate the greatest common divisor of c and 161.
23
Suppose -193*o + 192*o = -117. Let f(p) = p - 1. Let z be f(5). Suppose 9 = a + c, 2*a - 7 = -z*c + 3. Calculate the highest common divisor of a and o.
13
Let u(n) be the third derivative of -n**4/3 + n**3/3 - 3*n**2. Let f be u(-2). Let r = 41 - f. What is the highest common divisor of r and 253?
23
Let n be (5 - 7)/2 - -24. What is the highest common divisor of 46 and n?
23
Let o(c) = -6*c - 18. Suppose -14*j - 5 = -13*j. Let n be o(j). What is the highest common divisor of n and 12?
12
Suppose -2*c = 4*x - 68, -4*x + 16 = -5*c + 158. Calculate the greatest common factor of 165 and c.
15
Suppose 5*u + 301 = 2*g, -u = -3*g - 246 + 691. Suppose -4*j - 10 = -158. Calculate the greatest common factor of g and j.
37
Let g(x) = -x**2 + 8*x - 7. Let q be g(5). Suppose -11*s = -q*s - 48. What is the highest common divisor of 96 and s?
16
Let x(h) = h + 12. Let z be x(-10). Suppose -z*g - 2*g = -1152. Suppose 0*t - 9*t = -g. Calculate the greatest common divisor of t and 32.
32
Let t(k) = -k**3 - 10*k**2 - 24*k + 2. Let z be t(-8). Calculate the highest common factor of 352 and z.
22
Suppose k - 1 = 54. Suppose 10 = 5*y + k. Let b be 90/3 + y/(-3). What is the highest common divisor of b and 3?
3
Suppose 567*p = 562*p + 50. Calculate the highest common factor of p and 2.
2
Suppose -554 + 34 = -4*l. What is the greatest common factor of l and 78?
26
Let t = -682 - -889. Calculate the greatest common divisor of t and 483.
69
Let n be -6 - -3 - (-2 + -1). Suppose -3*w = -15, 2*q + 4*w - 26 = -n*q. Calculate the highest common divisor of 6 and q.
3
Suppose -4*p + 9 = -p. Suppose -p*h + 21 = 3*n, h - 2*n + 6 + 2 = 0. Suppose 0 = 5*c - 37 - 3. Calculate the highest common divisor of h and c.
2
Suppose m = -3*a + 97, m + 5*a + 29 = 122. Let o = m + -58. What is the highest common factor of 9 and o?
9
Suppose -3 = -2*p + 7. Suppose -91 = -9*y - 82. Calculate the highest common factor of p and y.
1
Let w(d) = -4*d**2 + 111*d - 1. Let g be w(25). What is the greatest common factor of g and 1781?
137
Let i be (4 - 1) + 10*2/4. Suppose -2*q + 103 = -41. What is the greatest common divisor of q and i?
8
Let b(q) = -q + 16. Let j be b(13). Suppose 0 = -4*p - 5*u + 251, -3*u = -2*p + j*p - 61. What is the highest common factor of 8 and p?
8
Let i(r) = 22*r - 2. Let s = 12 + -9. Suppose s*l = 5*l - 4. Let h be i(l). What is the greatest common factor of h and 6?
6
Let s be ((-52)/(-104) - (-5)/(-2)) + 5. Let h(v) = 9*v**2 + v - 1. Let g be h(1). Calculate the greatest common factor of g and s.
3
Let v = -29 - -34. Suppose -27 = -3*x + i, -v*x + 2*i = i - 43. Calculate the highest common divisor of 64 and x.
8
Suppose 2*r = 11*r - 378. Let c(y) = 12*y**2 + 2*y + 4. Let b be c(-5). What is the greatest common factor of r and b?
42
Let u = 21 - 15. Let q(y) = 23*y + 20. Suppose t = 4*t - 6. Let s be q(t). What is the greatest common factor of u and s?
6
Let m be -11 - -16 - 3*-1. Let v(s) = s**3 + 19*s**2 - 4*s - 4. Let y be v(-19). What is the greatest common divisor of m and y?
8
Suppose 3 = -3*z, -3*s - 3*z - 4 = -28. Suppose 44 = -4*h + 4*f + 216, -4*f = -20. Let b = h - 30. Calculate the greatest common factor of s and b.
9
Let u(n) = n**2 + 15*n - 46. Let v be u(-18). Let z(i) = 1 + 5*i - i**2 + 3*i + 0*i**2. Let w be z(v). What is the greatest common factor of 2 and w?
1
Let s = -231 - -327. What is the highest common factor of s and 120?
24
Let r = 41 - 28. Suppose 14*s - 1240 - 216 = 0. What is the highest common divisor of s and r?
13
Suppose 9 + 3 = 4*g. Suppose -v = -g*v. Let j be (v - -20) + (2 - 5). Calculate the greatest common factor of 187 and j.
17
Let a = 45 + 175. What is the greatest common factor of a and 165?
55
Let q be 2/(-6) - (-4 - (-8)/3). Let k be 223 + q - -3*(-2)/(-6). Calculate the greatest common factor of k and 25.
25
Suppose -4*k + 300 = 24. Suppose c - 4*q = 2*c - 20, -5*c = -q + 5. Suppose 2*r - 84 = -4*t, 0*t + t + 2 = c. Calculate the greatest common divisor of k and r.
23
Suppose 2*n - 17 = -77. Let r = n - -57. Calculate the highest common divisor of 18 and r.
9
Let l(o) = 21*o**2 + 7*o - 6. Let f be l(-5). Suppose -3*r - f + 115 = -3*h, h - 5*r = 111. Calculate the highest common factor of h and 18.
18
Suppose -1447 = -2*p - 1361. Calculate the highest common divisor of p and 1505.
43
Let y = -52 + 122. Suppose -2*s + 5*k - 73 = -11, 0 = k - 2. Let g = s - -36. What is the highest common divisor of y and g?
10
Suppose 32 = 4*o - 24. Let d be -8 + (-4 - -24) + 9. Calculate the highest common factor of o and d.
7
Suppose -2*v = -3*l - 222, -l + 5 = 7. Calculate the greatest common divisor of v and 60.
12
Suppose 212*r - 217*r = -35. Calculate the highest common factor of 126 and r.
7
Let m = 80 - 11. Suppose 0 = 3*v - 6*v + m. Let g = v + 12. Calculate the greatest common factor of 14 and g.
7
Let m(x) = x**3 + 3*x**2 - 1. Let r be m(1). Suppose 7*o + t - 129 = r*o, 31 = o - t. What is the highest common factor of 24 and o?
8
Let w = -11 - -27. Suppose 0 = -145*z + 287*z - 121*z - 126. Calculate the highest common factor of z and w.
2
Let w be 12/10*((-15)/6 - 0). Let u be 2/4*(w + 73). What is the highest common divisor of u and 5?
5
Suppose -2*m + 2*d + 1590 = 0, 2*d + 1033 - 4231 = -4*m. What is the highest common factor of m and 84?
42
Suppose 5*l = -3*n + 2 + 26, 5*n + 3*l - 36 = 0. Calculate the highest common divisor of 10 and n.
2
Let v(a) = a**3 - 6*a**2 - 2. Let d be v(6). Let j be (-10 - -7)*2/d. Calculate the greatest common factor of 33 and j.
3
Suppose 2*n - 1 = 5. Let h(j) = 23*j + 3. Let y be h(n). Suppose 0*a + 32 = u - 3*a, 2*u - y = -2*a. Calculate the highest common factor of u and 5.
5
Let h be (1/(-2)*2)/(-1). Let s(y) = 3*y**2. Let g be s(1). Suppose -1 = g*w - 4. Calculate the highest common factor of h and w.
1
Suppose 3*v - 1612 + 1507 = 0. What is the greatest common factor of 14 and v?
7
Let m(g) = -123*g - 241. Let y be m(-2). Let j = -3 - -3. Let q be 1 + j + 14*1. What is the highest common divisor of q and y?
5
Let h(s) = s**2 - s + 1. Let q be h(0). Let p be ((-12)/(-6))/(1 - -1). Calculate the highest common divisor of p and q.
1
Suppose 2*p + 18 = 3*p. Let l = 24 - p. Suppose -11*y = -l*y - 180. What is the highest common divisor of y and 12?
12
Suppose 4*u + 24 = 4, 0 = 2*g + 3*u - 3. Suppose -5*z - 4*v + 51 = -24, 2*z = -4*v + 42. Let q = z - 2. What is the greatest common factor of q and g?
9
Suppose -n = -9*r + 11*r - 104, 5*r + 2*n = 260. What is the greatest common factor of 104 and r?
52
Let r be ((-55)/15 + 3)*-6. Suppose 0 = 4*d + h - 421, -r*d + 4*h = h - 417. Calculate the highest common factor of 15 and d.
15
Let c(b) = -b**3 - 8*b**2 + 18*b + 24. Let n be c(-10). What is the greatest common divisor of n and 4708?
44
Suppose -9*b = -3*b - 18. Let r be ((-1)/2)/(4/(-240)). Suppose -2 = -y + 5*f, 0*f = 2*y + b*f - r. What is the greatest common divisor of y and 36?
12
Suppose -81*r + 10*r = -48990. Calculate the highest common factor of r and 60.
30
Suppose -2*i + 1 =